digit of a?
4
Let s(z) = z**3 - 15*z**2 + 16*z - 23. Let g be 8/(-16) - (-27)/2. Let u be s(g). Let l = 231 + u. What is the tens digit of l?
7
Suppose r + 6067 = a - 4869, -4*a - 2*r = -43762. What is the ten thousands digit of a?
1
Suppose 3*u = -820 + 25198. What is the units digit of u?
6
Let u = 115 + -109. Suppose 345 = u*v + 33. What is the tens digit of v?
5
Let w be (0/(-14 + 15))/(4 + 0). Suppose 0 = 2*z - 4*z + 2*i + 2368, -z - 3*i + 1184 = w. What is the units digit of z?
4
Suppose -5*r - 108 = -6*m + 3*m, -2*r - 117 = -3*m. Let q = m - 38. Suppose 7*u - q*u = 48. What is the tens digit of u?
1
Let h = 13690 + 1124. What is the ten thousands digit of h?
1
What is the tens digit of 1657 - 3*-3*7/(-21)?
5
Suppose -23*n = -7*n - 144. What is the tens digit of 1*(-118)/(-4)*(n + -1)?
3
Let k = 120364 + -84810. What is the thousands digit of k?
5
Let t(w) = 4928*w + 2488. What is the thousands digit of t(3)?
7
Suppose 52*f = 50*f. What is the units digit of (-789)/(-5)*(f + 0 + 5)?
9
Let l = -196 - -738. Let r = 1341 - l. What is the tens digit of r?
9
What is the units digit of (-1 + 10/6)*-14*(-7635)/35?
6
Let q be (-1494)/15 - (-6)/(-15). Let o = -96 - q. Suppose 2*k - 504 = -o*k. What is the units digit of k?
4
Suppose 33*r = 188*r - 795460. What is the units digit of r?
2
Suppose -4*m + 4 = -4, 5*m = -z - 184. Let b = 254 + z. What is the units digit of b?
0
Let l(h) = -h**2 + 8*h + 31. Let z be l(10). Suppose -2948 = 9*c - z*c. What is the thousands digit of c?
1
Suppose 929790 = 173*c + 275677. What is the units digit of c?
1
Suppose 4*t = -12, -5*d + 9*t - 13*t = -68. Suppose -d*g = -13*g - 4596. What is the hundreds digit of g?
5
Let x be 16/(-4) - 1*-23*-3. Let k = x + 78. Suppose 0 = -k*w + 561 + 314. What is the units digit of w?
5
Suppose f + 1 + 41 = 0. Let x = f - -44. Suppose -181 = -x*m - 13. What is the tens digit of m?
8
Let s be (1 + -7)*(21 - 1494/27). Suppose -5*o + 336 = -369. Let c = s - o. What is the tens digit of c?
6
Suppose 5*x = -9 - 21. Let i(p) = 2*p**3 + 7*p**2 - 2*p + 8. Let b be i(x). Let s = -112 - b. What is the units digit of s?
8
Let q(u) = -u**3 - 5*u**2 + 15*u - 23. Let i(k) = -2*k**2 + k + 1. Let t(m) = -6*i(m) + q(m). What is the units digit of t(6)?
1
Suppose 3*n - 2*u - 906 = 0, 0 = n + u + u - 294. Suppose -4*w + n = w. Suppose 0 = 18*f - 13*f - w. What is the tens digit of f?
1
Let w = 319 - 614. Let i = w + 492. What is the hundreds digit of i?
1
Let l(p) = -663*p - 1956. What is the thousands digit of l(-22)?
2
Let u = 102232 + -33341. What is the hundreds digit of u?
8
Let o be (458/(-1145))/(-1 - (-18)/20). Suppose 2*h - o*c - 1676 = -0*h, c = -2*h + 1696. What is the hundreds digit of h?
8
Let u = -407 + 636. Suppose -4*i - 3*c - 2*c = -457, -2*i - 3*c = -u. What is the hundreds digit of i?
1
Suppose -91 = 2*k - 79. What is the tens digit of ((-4)/k)/(8/1272)?
0
Let m = 3830 + -2009. What is the units digit of m?
1
Suppose -2705 = -j - o, j - 5*o - 1414 = 1261. Suppose 32*i = 38*i - j. What is the hundreds digit of i?
4
What is the hundreds digit of (-2)/(-31) - 145306560/(-15190)?
5
Let f(r) = -186*r**2 - r - 7. Let i be f(3). Let l be 4/(-14) + 13/((-182)/i). What is the tens digit of 5/((-4)/(-10) - 18/l)?
2
Let z(i) be the second derivative of -i**5/8 + i**4/12 + 5*i**3/6 + 3*i. Let l(j) be the second derivative of z(j). What is the units digit of l(-2)?
2
Let v be (-5 - (-228)/42) + -3*(-4)/21. Let m = -1 - 0. What is the hundreds digit of (-2 - m)/v*-172?
1
Let g(d) = -2*d + 7. Let l be g(2). Suppose -l*j = 7*j - 1630. What is the units digit of j?
3
Let y = -3523 + 6966. What is the tens digit of y?
4
Let a(p) = 29*p**3 + 4*p**2 - 19*p - 5. Let b be a(4). Suppose -2*w - b = -5*v, -5*v + 565 = -4*w - 1268. What is the tens digit of v?
6
Suppose -104112 = -48*i + 24*i. What is the thousands digit of i?
4
Let v = 17 + -4. Let h(o) = -16*o + 1. Let p(x) = -31*x + 3. Let n(m) = v*h(m) - 6*p(m). What is the hundreds digit of n(-6)?
1
Let r(d) be the second derivative of -d**3/3 + 9*d**2/2 - 16*d. Let y be r(3). Suppose 3*f - f = 3*z - 14, -12 = -y*z + 3*f. What is the units digit of z?
6
Let m(q) = 2*q**3 - 13*q**2 + 17*q + 1. Let r be m(5). Suppose -5*o - 1 = -r. What is the tens digit of (o/(-3))/(10/(-3075))?
0
Let u(k) = -k + 2. Let x be u(1). Let d be (-7 - -1) + 5 - (-6 + 2). What is the units digit of d/6 - x/(-2) - -1?
2
Let z be 3462/(-7) + (14 - 101/7). Let w = 1121 + z. What is the tens digit of w?
2
What is the hundreds digit of -9 - (0/11 - 22533)?
5
Suppose -52 = 16*r - 29*r. Suppose r*j - 4*t + 1 - 13 = 0, j + 5*t = 9. What is the units digit of 2716/(-56)*j*-1?
4
Let b be -2*(28/(-8) - -4). Let c(i) = -3*i**3 - i**2 - 2*i - 2. Let x be c(b). Suppose x*v + d - 191 = -0*v, 0 = 5*v - d - 481. What is the units digit of v?
6
Let u be ((2/(-3))/2)/((-7)/798). Suppose 34*o = u*o + 12. What is the hundreds digit of (4/o)/(8/(-852) + 0)?
1
Let g = -95 + 271. Let f = g + -81. What is the tens digit of f?
9
Let j(z) be the second derivative of 9/2*z**2 + 0 + 1/6*z**4 - 13*z - 7/6*z**3. What is the tens digit of j(9)?
0
Let b(k) be the first derivative of k**4/4 - k**3/3 + 1006*k - 97. What is the thousands digit of b(0)?
1
Suppose -18*h = -19*h - 4*d + 14938, 4*h = -3*d + 59687. What is the ten thousands digit of h?
1
Let b(c) = -2*c**3 + 209*c**2 + 305*c + 199. What is the units digit of b(103)?
1
Suppose 3*y = -62 - 91. Let h = y - -55. What is the units digit of ((-60)/(-5) + 0)*h/3?
6
Suppose 7459*b = 7466*b - 33768. What is the tens digit of b?
2
What is the hundreds digit of 9/(-6)*-2*236656/84?
4
Let k(r) = -3*r**3 + 12*r**2 - 2*r - 303. What is the hundreds digit of k(-14)?
3
Let l(p) be the second derivative of 37*p**4/4 - 2*p**3/3 + 5*p**2/2 + 3*p - 5. What is the hundreds digit of l(2)?
4
Let x(v) = 0*v**3 - 6 - v**3 + 20*v**2 + 15*v**2 - 25*v**2 + 11*v. Let k be (13/(-2) - -2)*-2. What is the tens digit of x(k)?
7
Suppose -1681829 = -138*m + 559291. What is the units digit of m?
0
Let d(k) = 1341*k**2 - 39*k - 77. What is the thousands digit of d(-4)?
1
Suppose 2*z - 4 = -4*p, 10*p - 5*z = 8*p + 14. Suppose 9 = -p*l + 253. What is the units digit of l?
2
Let x(z) = 14*z**2 - z - 4. Let a(h) = 15*h**2 - 3. Let o(t) = 4*a(t) - 3*x(t). Let d be o(-1). Let p(r) = 14*r + 28. What is the units digit of p(d)?
8
Let y = -140 - -141. What is the hundreds digit of -2 - (-4)/y - -147?
1
Let a = -18 - -21. Suppose 3*i + 5 = -a*n - 10, -4*i - 2*n = 16. What is the units digit of (-61)/(-2) - i/2?
2
Let b = 33340 + -12621. What is the tens digit of b?
1
Suppose -119*f = -171*f + 41964. What is the tens digit of f?
0
Let r(c) = 3689*c + 12. What is the hundreds digit of r(1)?
7
Suppose -66 = -6*p + 3*p + 2*z, -4*p + 4*z + 92 = 0. Let a be 15 - (0 - (-3)/(-3)). Let c = a + p. What is the units digit of c?
6
Let t = -13185 - -21241. What is the thousands digit of t?
8
Let z(b) = 4*b**2 - 3*b - 2. Let m be z(-1). Suppose -2 = -5*r + 8, 4*o - m*r = 598. What is the units digit of 6/2*(-5)/((-30)/o)?
6
Suppose -2*f + 3*w + 8 = -0*f, -3*f - 2*w - 14 = 0. Suppose -9*a + 5 + 4 = 0. What is the tens digit of 28 + (a - f) + 1?
3
Suppose -2*c = -3*c - 2*w + 6, -4*c = 2*w - 54. Suppose c*t + 169 = 7001. What is the hundreds digit of t?
4
Let i(s) = 7*s**2 - 24*s + 114. Let m(q) = -9*q**2 + 25*q - 115. Let k(j) = 3*i(j) + 2*m(j). What is the units digit of k(17)?
5
Suppose 2788 + 194 = 6*p. Suppose 0 = 2*c + 15 - p. Suppose -k - c = -4*z, -3*k - 356 = -4*z - 113. What is the units digit of z?
0
Let u be -2*30/(-36)*(5 + -2). Suppose -4*w - u*q = -353, -q - 187 = -w - w. What is the units digit of w?
2
Suppose 17721 + 4837 = 11*m + 3671. What is the hundreds digit of m?
7
What is the hundreds digit of (-362969)/(-7) - ((-10)/(-7))/2?
8
Let u(m) = -m**3 + 17*m**2 + 37*m + 21. Let w be u(19). Suppose 0 = 4*h - 3*t - 2213 - 324, w*t - 10 = 0. What is the units digit of h?
8
Suppose -367 = -2*o - 5*v, -4*o - v = -799 + 38. Suppose 973 = 2*f + o. What is the tens digit of 4/8 - f/(-2)?
9
Let r(n) be the second derivative of -8*n**3 - 53*n**2/2 - 14*n. What is the hundreds digit of r(-9)?
3
Suppose 3*f = 5*k + 12503 - 3621, -2*f = k - 5904. What is the tens digit of f?
5
Let x(r) = -27*r**3 + 13*